 - 9*u(k). Calculate d(-8).
-5
Let f(l) = -11*l + 17. Let o(x) = 4*x - 6. Let p(i) = -3*f(i) - 8*o(i). Let y = -47 - -67. Let b = y + -14. Determine p(b).
3
Let i(f) = -f**3 - f - 5. Let v(j) = 2*j + 10. Let b be v(5). Suppose b*w = 25*w. Determine i(w).
-5
Let r(y) = -2 + y - 1 + 7. Suppose 8*j = 12*j + 28. Calculate r(j).
-3
Let t(i) = i - 7. Let a(k) = -3*k + 14. Let o(w) = -2*a(w) - 5*t(w). Suppose 20*v - 60 = 8*v. Give o(v).
12
Let h(i) = 3*i**3 + 12*i**2 - 2*i - 4. Let r(u) = -8 + 3*u**3 + 25*u**2 - 5*u + 2*u + 4*u**3. Let v(g) = 9*h(g) - 4*r(g). Determine v(7).
3
Let m(n) be the third derivative of -n**4/24 + 3*n**3 - 4*n**2 + 13. Determine m(9).
9
Let v(t) = -t**2 - 4*t + 6. Let c = -66 - -94. Suppose 4*d + 22 = x, 0*x + x - c = 5*d. Calculate v(d).
-6
Suppose 5*c - 15 = -0*c. Let z(k) = -5*k + 10. Let d be z(c). Let b(p) = p**3 + 5*p**2 + 5*p**2 + 4 + 3*p - 4*p**2 + 2*p. Calculate b(d).
4
Let u(z) = -7*z + 84. Let k be u(11). Suppose 0 = 4*b - 2*v - 14, b + v - 7 = -4*b. Let p(r) = -6 + 15 - b*r - 7. Give p(k).
-12
Let z be (-28 - 2)*3/(-6). Suppose -z = s - 17. Let y(c) = 3*c - 1. Calculate y(s).
5
Let w(d) = d + 17. Let z be w(-15). Suppose -3*c + 32 = 2*c + 3*l, -z*l + 20 = 3*c. Let j(v) = v**2 - 3*v - 2. Determine j(c).
2
Let y be (-6 - 0)*20/(-6). Suppose 5*d = -y, 5*t + 4*d - 2 = 2. Let b(n) = -21 - 2*n - 30 + 46 + 7. What is b(t)?
-6
Suppose 3*d + 7 = -11. Let z(a) = 4*a**2 + 6*a + 7. Let j(v) = -9*v**2 - 15 - 14*v + 12*v - 9*v. Let o(q) = 3*j(q) + 7*z(q). What is o(d)?
-14
Let i(f) = -4 - 33*f - 37*f + 69*f + 2. What is i(-10)?
8
Let p(y) = y + 10. Let q be p(-13). Let r be 10*q/(45/(-12)). Let j = -13 + r. Let h(v) = -v**2 - 2*v + 4. Determine h(j).
-11
Let z(m) = -26*m + 26. Let c(h) = 10*h - 9. Let n(b) = -11*c(b) - 4*z(b). Calculate n(-2).
7
Let c(v) = v**3 + 3*v**2 - v + 4. Let s(k) = -k**2 - 3. Let a be s(3). Let g = -1 - a. Let h = g + -14. Give c(h).
7
Let j(p) = -2*p**2 - 11*p - 19. Let n(v) = -2*v**2 - 10*v - 15. Let y(m) = 5*j(m) - 6*n(m). Determine y(-5).
20
Let d(h) = -h**3 - 6*h**2 - 2*h - 9. Let j be (-17)/3 - (110/(-33))/(-10). Determine d(j).
3
Let o(s) be the first derivative of -s**3/3 + 5*s**2/2 - 2*s - 285. Determine o(3).
4
Let i(x) = -11*x**2 - 33*x**3 + 0*x**2 - 4 + 32*x**3 + 13*x + 0. Give i(-12).
-16
Let z(y) be the third derivative of y**5/60 + y**4/4 + 5*y**3/3 - 12*y**2. Calculate z(-7).
17
Let j(o) = o - 17. Let a = -39 + 39. Suppose a = -3*k - 9*k + 3*k. What is j(k)?
-17
Let j = 1875 - 1872. Let t(a) = -2*a**2 + 2*a. Determine t(j).
-12
Let v = 8 + -7. Suppose 2*d + v - 9 = 0. Suppose -4*f = 3*h - 13, d*h + h = 2*f - 13. Let g(j) = -7*j - 1. Determine g(h).
6
Let v(u) = u - 1. Suppose 3*n + 231 = -0*n. Let s = -76 - n. Calculate v(s).
0
Let n be (1 - (3 + 0)) + 7. Let m(c) be the first derivative of -3*c**2/2 + 5*c - 10. Let b(f) = -2*f + 4. Let q(t) = -6*b(t) + 5*m(t). Determine q(n).
-14
Let h be -6*(-1)/1 - 3. Let s be 1*(h + -3) + 0. Let a(f) = 3*f - 7. Let y(w) = w - 3. Let x(c) = -2*a(c) + 5*y(c). Give x(s).
-1
Let i(v) = -v**2 + 6*v + 18. Let j be 2/(-6) + ((-228)/18 - -10). Determine i(j).
-9
Let m(y) = 5*y**3 + 2*y**2 + 2*y + 9. Let q(n) = 4*n**3 + 3*n**2 + 3*n + 9. Let f(k) = 5*m(k) - 6*q(k). What is f(9)?
0
Let l = 20 + -14. Suppose -14*a = -11*a - l. Let p(i) = -i**2 + 2. Determine p(a).
-2
Let a(j) = 12*j + 5. Let t(s) = 5*s + 2. Let o(z) = -2*a(z) + 5*t(z). Calculate o(4).
4
Let c(f) = -f**3 + 4*f**2 + 3*f + 3. Let x(z) = 2*z**3 - 4*z**2 - 3*z - 4. Suppose -4*u + 5*u = -4*j + 2, 0 = 5*j. Let m(q) = u*x(q) + 3*c(q). Determine m(-4).
-11
Let t(k) = -k**3 + 14*k**2 + 3*k - 19. Suppose -w - 40 = -4*d + 18, 5*d - 5*w - 80 = 0. Give t(d).
23
Let u(a) = 2*a - 1. Let s = -14 - -15. Let o be (s - 2) + (7 - 6). Suppose 5*n - 2*l - 3 + 2 = o, n + 3*l = -10. Determine u(n).
-3
Suppose 60*i + 509 = -151. Let q(z) = z + 14. Determine q(i).
3
Let a(v) = -v + 8. Let z be a(5). Let k(s) be the first derivative of -1/2*s**2 - 1 + 3*s. What is k(z)?
0
Let b(c) = c**2 + 11*c - 36. Let g be b(-14). Let n(u) = u - 2. What is n(g)?
4
Let v be (3/15)/(3 - 70/25). Let r(i) = i**3 + 2*i**2 - 1. Determine r(v).
2
Let w(i) be the third derivative of i**5/60 - 3*i**4/8 - i**3/6 + 11*i**2. Give w(5).
-21
Let r(w) = 139*w + 8*w**3 + 2*w**2 - 138*w - 2*w**3. Let x(p) = -p**2 + 6*p - 1. Let h be x(6). Determine r(h).
-5
Let c = 722 - 721. Let n(i) = 6*i**3 - 2*i + 2. What is n(c)?
6
Suppose 9*u = -u + 30. Let b(a) = a**3 + 9*a**2 - 2*a - 13. Let x be b(-9). Let t(r) = 8*r + 8. Let l(n) = 33*n + 33. Let i(g) = x*l(g) - 21*t(g). Give i(u).
-12
Suppose -43 = -7*l - 50. Let p(t) = -13*t - 3. Let y(q) = -64*q - 16. Let c(h) = -11*p(h) + 2*y(h). Calculate c(l).
-14
Let n = -1 + 7. Let h(b) = -53*b**2 - 9 + 204*b**2 - 48*b**2 + 6*b - 52*b**2 - 52*b**2. Give h(n).
-9
Let k(l) = 3*l**3 - 2*l**2 - 4*l + 5. Suppose -12*b - 310 = -334. Give k(b).
13
Let o(f) = -1 - 4*f**3 - 12 + 7*f + 23 + 7*f**2 + 3*f**3. Calculate o(8).
2
Let h(t) be the first derivative of -2*t**3/3 + 3*t**2/2 + 3*t - 5. Suppose 0 = 5*p - 2*c + 2, 0 = -3*c + 3. Let w = p + 3. Give h(w).
-6
Let b(d) = -4 - 886*d**2 - d + 885*d**2 + 0*d. Let c = -4 + 6. Suppose c*i = 5*i. Determine b(i).
-4
Let i(c) be the third derivative of -c**4/24 + 19*c**3/6 - 21*c**2 + 9*c. Calculate i(11).
8
Let v(c) = 14*c - 2. Let y(k) = -43*k - 1. Let q be y(0). Give v(q).
-16
Let d be 14 - 10 - 8/4. Let u(x) = 3*x**3 - 4*x**2 + 3*x. What is u(d)?
14
Let n(w) = w**3 - 13*w**2 + w + 5. Let k = 1187 + -1174. Determine n(k).
18
Let o(g) = 3 + 5*g - 3*g**2 + 4 + 2*g**2 - 2*g. Let x(i) = 61*i + 311. Let w be x(-5). Determine o(w).
-11
Let f(w) = -2*w**3 - 2*w**2 + w. Let t = 490 + -489. Give f(t).
-3
Let m(d) = -4*d + 1. Suppose -3*c - 14 = c - 3*r, -2*c = -3*r + 10. Let t(p) = 17*p - 4. Let k(f) = c*t(f) - 9*m(f). What is k(1)?
1
Let d(j) = j - 1. Let r be d(6). Let g(q) = 0 + 2 - q - r. Let l(b) = -b. Let u be l(7). What is g(u)?
4
Let g(a) = -a**3 - 8*a**2 - 2*a + 8. Let l be -14 - ((-1122)/165 - 4/(-5)). What is g(l)?
24
Let n be 9 - 1*(1 - 4). Let g = -18 + n. Let k(w) be the third derivative of w**5/60 + w**4/4 - 4*w**3/3 + 14*w**2 + 1. Give k(g).
-8
Let g(y) = -3*y - 3. Let w(p) = 2*p + 4. Let m(o) = -3*g(o) - 4*w(o). Let h = -6 + 21. Suppose 6*x - h = 3*x. Calculate m(x).
-2
Let c(d) = 2*d**3 + 2*d**2 - 2*d - 1. Let r be 8*-1*1/(-2). Suppose 5*n - 105 = 3*f, -n + f + r = -17. Let t be n/49 - (-17)/(-7). What is c(t)?
-5
Let u(a) = -a**2 + 11*a - 7. Let m be u(10). Let o(k) = 7*k - 3 - 7*k**2 - 3*k**m + 3*k**3 - k**3 + 2*k**3. Give o(6).
3
Let v(t) = 7*t**2 + 16*t - 10. Let y(s) = -15*s**2 - 34*s + 21. Let m(l) = -13*v(l) - 6*y(l). Calculate m(-5).
-1
Let k(t) be the third derivative of t**4/12 - t**3/6 + 15*t**2. Suppose -r = g - 6, -4*r - 3*g + 9 = -13. Let h be (4 - (2 + r)) + 0. Calculate k(h).
-5
Let v(g) = -3*g**3 + 10*g**2 - 7*g - 15. Let f(q) = -q**3 + 3*q**2 - 2*q - 5. Let i(s) = -11*f(s) + 4*v(s). Let w be 4 - (-12)/14*7/3. Give i(w).
-5
Let i(j) be the first derivative of -j**4/4 - j**3 + 5*j**2/2 + 6*j + 43. Determine i(-5).
31
Let j(r) = -23 - 3*r**2 + 3*r**3 + r + 25 + 0*r - 2*r**3. Suppose 0 = x - 0*x - 2. Suppose 0 = x*a + 3*k - 18 - 0, 8 = 2*k. What is j(a)?
5
Let n(o) = 2*o - 24 + 33 - 62 + o. Let f be n(16). Let d(k) = k + 2. What is d(f)?
-3
Let j(k) be the third derivative of -k**5/60 + 11*k**4/24 - 5*k**3/3 - 48*k**2. What is j(9)?
8
Let q be (-2)/6 + 10/30. Let k be 4 - (q + (-3)/(-3)). Let l(g) = 2*g**3 + 7*g**k - 21*g + 21*g - g**2. What is l(1)?
8
Let p(z) = z - 7. Let n(h) = -19*h + 274. Let q be n(15). Give p(q).
-18
Let b(k) = 11*k**3 + 1. Let m = 14 + -16. Let j be 6/(-12)*(m + -2). Suppose -2*z = -0*z + j. Calculate b(z).
-10
Let f(v) = -4*v + v**2 + 3*v**2 + 3*v**2 - 6*v**2 + v. Give f(4).
4
Suppose 3*y = 7 + 11. Let a(p) = 2*p + 5 - 4*p + 9. Let h(n) = -n + 7. Let i(c) = y*a(c) - 13*h(c). Give i(5).
-2
Let a(v) = 3*v - 20. Let u be (140*-1)/(-5)*8/28. What is a(u)?
4
Suppose -42*o + 30*o = -108. Let h(y) = -2*y + 9. Calculate h(o).
-9
Let b = -2197 - -2192. Let x(m) = -9*m + 8. What is x(b)?
53
Let c(w) = -2*w + 4. Suppose -3*a = -38 + 2. Let n = -7 + a. Give c(n).
-6
Let v(j) = j**2 + 8*j + 4. Suppose -3*u - 31 = 4*c - 4, 4*u = 4*c - 36. Wha